10 and c.
10
Suppose 4*b - 438 = -k, -6*b - k = -10*b + 442. Calculate the greatest common divisor of 20 and b.
10
Let n(b) be the second derivative of b**4/12 - b**3/2 - 7*b**2/2 + 3*b. Let p be n(6). Calculate the highest common factor of 33 and p.
11
Let l(z) = -z**2 - 18*z + 13. Let m be l(-17). Calculate the greatest common factor of m and 80.
10
Let u(v) = -2*v - 3. Let g be u(-4). Suppose 0 = g*x - 4*q - 55, 0*q + 55 = 3*x + 2*q. What is the highest common divisor of 6 and x?
3
Let i be 151 - 2 - (0 + 0). Suppose i = 5*p - 841. What is the highest common divisor of 18 and p?
18
Suppose 0 = -3*j + 17 + 4. Let q = -51 - -107. What is the greatest common factor of q and j?
7
Suppose 4*r = -3*m + 66, -5*m + 80 = 5*r - 5. What is the greatest common factor of r and 3?
3
Let i be (-1)/(-3) - 252/27. Let p be (-402)/i + 1/3. Suppose 2*s - 62 = -2. What is the greatest common divisor of s and p?
15
Let u be 4/(-2)*(-15 + 0). Let s be (u/4)/(1/2). What is the highest common divisor of s and 105?
15
Let q be 100/6 + 2/(-3). Suppose -345 = -4*r + 167. Let f be (3/6)/(2/r). Calculate the highest common factor of f and q.
16
Let q = 0 - -3. Suppose q*l - 3*z - 60 = 0, -3*l + 5*z = -43 - 7. What is the highest common divisor of 10 and l?
5
Suppose -4*g + 10 = g. Suppose -p - g*j - 40 = -3*p, 112 = 5*p - 2*j. Calculate the highest common factor of p and 12.
12
Let f(g) = -g**3 + 7*g**2 - 5*g. Let t(y) = y + 21. Let i be t(-15). Let w be f(i). Let s = 11 + -2. Calculate the highest common factor of w and s.
3
Let n(s) = s**2 - 5*s + 5. Let u be n(4). Let i be u - 1/(1/(-80)). What is the greatest common factor of i and 9?
9
Let r(g) = 55*g + 4. Let k be r(5). What is the highest common factor of k and 31?
31
Let l be 24/15 + 6/(-10). Calculate the greatest common factor of 3 and l.
1
Suppose -5*l + 10 = -2*z, z - 3*l + 1 + 5 = 0. Suppose 4*h - h - 120 = z. Calculate the greatest common factor of h and 20.
20
Let m be ((0 + 15)/3)/1. Suppose 0 = 4*g - 47 - 93. What is the highest common factor of g and m?
5
Let l be (-336)/(-4) - (1 + 2). Suppose -3*v + 45 = 2*v. Calculate the greatest common factor of l and v.
9
Suppose 4*n = -12, 3*p + n + 51 = 192. What is the greatest common factor of 32 and p?
16
Let o be ((-8)/6)/((-10)/195). Let r(x) = -2*x**3 + 15*x**2 - 5*x - 1. Let u be r(7). What is the highest common divisor of o and u?
13
Suppose -2*u - u = -33. Let r = 18 - u. What is the greatest common factor of r and 56?
7
Let c be 82/5 + (-4)/10. Let n(t) = -t**3 + 7*t**2 + 8*t - 2. Let v be n(8). Let y = c - v. Calculate the greatest common divisor of 6 and y.
6
Let t(d) = 144*d. Let z(w) = -w - 4. Let p be z(-5). Let o be t(p). What is the greatest common divisor of o and 16?
16
Suppose 5*o + 3*b - 71 = 34, -b = 2*o - 43. Suppose 5*u + 20 = -10. Let g(w) = -9*w + 6. Let f be g(u). Calculate the greatest common divisor of o and f.
12
Let g(p) = -2*p - 1. Let o be g(-3). Let s be 1/((5/24)/o). Let f = 46 + s. What is the highest common divisor of f and 10?
10
Let l be (-4)/14 + (-16)/(-7). Suppose -6 = -v - l. Suppose -5*r + 4*t + 2 = -73, 0 = 2*r - v*t - 42. What is the highest common divisor of 55 and r?
11
Suppose b + 1 = 3. Suppose -b*q + 0 = -10. Calculate the highest common divisor of 45 and q.
5
Let z(p) = -5*p. Let c be z(1). Let x be (-238)/c + 10/25. What is the greatest common factor of x and 24?
24
Let j(g) = g**2 + 7*g - 4. Suppose 0 = -2*f + 4*y - 16, 3*y + 8 = -f - 0*y. Let q be j(f). Calculate the highest common factor of q and 36.
4
Let s be (6*(-82)/(-3))/2. Let n = s - 52. What is the highest common divisor of n and 12?
6
Let q(u) = u - 3. Let p be q(7). Suppose 3*m = p*m - 3. Let d be (1 + (-3)/2)*-4. Calculate the highest common factor of d and m.
1
Let c be (-78)/4 - (-1)/2. Let m = c - -27. What is the greatest common divisor of m and 56?
8
Let i = 11 - 1. What is the highest common divisor of i and 30?
10
Suppose 0 = -4*a + 61 + 23. Let d(r) = -r - 7. Let f be d(-10). What is the highest common factor of f and a?
3
Let u be (-1)/4 + 25/4. Let f(o) = -o**3 + 8*o**2 - 5*o - 7. Let v be f(u). Calculate the greatest common divisor of 7 and v.
7
Let n be (-2905)/(-19) + (-14)/(-133). Calculate the highest common factor of 17 and n.
17
Suppose 3*r - r = 1454. Suppose -3*l - 729 = -5*i, -2*i - 3*i + 4*l + r = 0. What is the highest common factor of i and 21?
21
Suppose 0 = -4*b + 20 - 0, -v = -b - 28. What is the greatest common divisor of v and 297?
33
Suppose -3*s + 0*s = 720. Suppose -3*r - 140 = g - r, 0 = -g + r - 146. Let n = g - s. What is the greatest common divisor of 12 and n?
12
Suppose -152 = -7*t + 100. What is the highest common factor of 24 and t?
12
Let p be 7/((-35)/50)*-2. Calculate the highest common divisor of 50 and p.
10
Suppose -147 = -2*x - 27. What is the greatest common factor of x and 12?
12
Suppose 3*k - 38 = -2*i, -2*k - i = -6*i - 19. What is the highest common factor of 18 and k?
6
Let k be 6 + (5 - 2) + -2. Let p(i) = 2*i**2 - 6*i. Let o be p(k). What is the greatest common divisor of o and 14?
14
Suppose 9*d - 68 = 5*d. Let s(b) = b**2 - 23*b + 11. Let m be s(27). What is the highest common divisor of d and m?
17
Suppose -5*z = 25 - 160. Suppose 10*r - 1382 = 1048. Calculate the greatest common divisor of r and z.
27
Let x = -1 + 3. Calculate the greatest common factor of x and 4.
2
Let h = 52 - 17. What is the highest common factor of h and 14?
7
Suppose 2*g + 14 = 4*g. Let d(k) = 3*k + 2. Let u be d(-2). Let b(s) = -2*s**3 - 5*s**2 + 2*s - 5. Let n be b(u). What is the highest common factor of n and g?
7
Let c = 1110 + -788. Calculate the greatest common factor of c and 14.
14
Suppose -252 = -3*h - x, 6*h - h + x = 420. Calculate the greatest common divisor of 12 and h.
12
Let x(a) = -a + 6. Let r be x(10). Let q = r + 2. Let m be 1*8 - (3 + q). Calculate the highest common factor of m and 28.
7
Let d be (-2)/(-1) - (10 + -20). Calculate the greatest common factor of d and 60.
12
Let q be ((-9)/3)/(1/(-33)). Suppose -4*z = 4*p - 84, -5*z + 2*p + q = p. Calculate the highest common factor of z and 8.
4
Suppose -20 = -5*z - 0*n + 4*n, -2*z + 31 = 3*n. Let f = z + -5. Suppose 5*j - 143 = -5*g - 28, 4*g = -f*j + 64. What is the greatest common factor of 70 and j?
14
Suppose 7*r + 5130 = 25*r. What is the greatest common divisor of 57 and r?
57
Suppose 0 = -4*w + 2*b + 642, -2*w + 3*b = -b - 318. Calculate the greatest common factor of 23 and w.
23
Let r be 15 + (-7)/((-7)/(-2)). Calculate the highest common divisor of r and 104.
13
Suppose -3 = -3*m, 3*h - 70 = m + 409. Suppose -3*q = -3*j + q + h, 50 = j - 2*q. What is the greatest common factor of j and 12?
12
Let g(x) = x + 13. Let s be (-42)/(-10) + 1/(-5). Suppose -16 = s*m + 24. Let j be g(m). What is the greatest common factor of j and 27?
3
Let p(l) = -l**3 - 5*l**2 - 5*l - 5. Let k = -9 - -4. Let f be p(k). Calculate the highest common factor of f and 60.
20
Let k(j) = j**3 + 2*j**2 - 3*j - 2. Let v be k(-3). Let z be (-98)/(-5) - v/5. Calculate the highest common divisor of 30 and z.
10
Let u(d) = 2*d**2 - 7*d - 3. Let t be u(5). Calculate the highest common factor of t and 84.
12
Let x = -58 + -145. Let d = -122 - -31. Let z = d - x. What is the greatest common factor of 14 and z?
14
Suppose 49 = 5*f + 9. Calculate the greatest common factor of f and 6.
2
Let u be (1/(-3))/((-5)/(-15)). Let k be u + 4 + -2 + 27. What is the greatest common divisor of k and 42?
14
Let t = 266 + -154. Let i(l) = -4*l. Let y be i(-4). Calculate the highest common divisor of t and y.
16
Let l be (-6 - -8)*(1 - 0). Suppose -k + 12 = -l. What is the greatest common divisor of 14 and k?
14
Suppose -8*r + 1402 = 82. What is the highest common factor of r and 15?
15
Suppose p + c = 0, 2*c + 2*c = -3*p - 2. Suppose 2 = p*f + k, 0 = -2*f + 2*k + 3 + 11. Suppose f*l = 2*l + 44. What is the greatest common divisor of l and 11?
11
Let w(k) = k**3 + 10*k**2 + 7*k + 12. Let m = 5 + -13. Let b be w(m). Calculate the highest common divisor of b and 12.
12
Let o = -18 + -1. Let k = -7 - o. Calculate the highest common factor of 108 and k.
12
Let t = -119 - -187. Let c = t - 48. What is the highest common divisor of 20 and c?
20
Suppose -5*t + 40 = -220. Calculate the greates